{"id":2997,"date":"2015-11-14T14:05:38","date_gmt":"2015-11-14T13:05:38","guid":{"rendered":"http:\/\/radvanice.casd.cz\/?post_type=wpfc_sermon&#038;p=2997"},"modified":"2019-02-17T11:15:31","modified_gmt":"2019-02-17T10:15:31","slug":"prednaska-modlitebniho-tydne-ze-14-listopadu-2015-shrnuti-jaroslav-stejskal","status":"publish","type":"wpfc_sermon","link":"https:\/\/radvanice.casd.cz\/?wpfc_sermon=prednaska-modlitebniho-tydne-ze-14-listopadu-2015-shrnuti-jaroslav-stejskal","title":{"rendered":"P\u0159edn\u00e1\u0161ka modlitebn\u00edho t\u00fddne ze 14. listopadu 2015 &#8211; shrnut\u00ed Jaroslav Stejskal"},"content":{"rendered":"<p>Preacher: Jaroslav Stejskal | P\u0159edn\u00e1\u0161ka modlitebn\u00edho t\u00fddne ze 14. listopadu 2015 &#8211; shrnut\u00ed Jaroslav Stejskal. Sbor Ostrava-Radvanice.<br \/>\nShrnut\u00ed p\u0159edn\u00e1\u0161ky za\u010d\u00edn\u00e1 kolem 13-t\u00e9 minuty.<\/p>\n","protected":false},"excerpt":{"rendered":"<p>Preacher: Jaroslav Stejskal | P\u0159edn\u00e1\u0161ka modlitebn\u00edho t\u00fddne ze 14. listopadu 2015 &#8211; shrnut\u00ed Jaroslav Stejskal. Sbor Ostrava-Radvanice. Shrnut\u00ed p\u0159edn\u00e1\u0161ky za\u010d\u00edn\u00e1 kolem 13-t\u00e9 minuty.<\/p>\n","protected":false},"author":2,"featured_media":0,"comment_status":"closed","ping_status":"closed","template":"","meta":{"_monsterinsights_skip_tracking":false,"_monsterinsights_sitenote_active":false,"_monsterinsights_sitenote_note":"","_monsterinsights_sitenote_category":0,"ngg_post_thumbnail":0,"footnotes":""},"wpfc_preacher":[35],"wpfc_sermon_series":[],"wpfc_sermon_topics":[],"wpfc_bible_book":[],"wpfc_service_type":[],"class_list":["wpfc_preacher-jaroslav-stejskal","wpfc-sermon-single","post-2997","wpfc_sermon","type-wpfc_sermon","status-publish","hentry"],"sermon_audio":"http:\/\/radvanice.casd.cz\/wp-content\/uploads\/sermons\/prednaskamt_2015_11_14-stejskal.mp3","sermon_audio_duration":"","_views":"54","bible_passage":"","sermon_video_embed":"","sermon_video_url":"","sermon_bulletin":"","_featured_url":false,"sermon_date":1447509938,"_sermon_date_auto":false,"_links":{"self":[{"href":"https:\/\/radvanice.casd.cz\/index.php?rest_route=\/wp\/v2\/wpfc_sermon\/2997","targetHints":{"allow":["GET"]}}],"collection":[{"href":"https:\/\/radvanice.casd.cz\/index.php?rest_route=\/wp\/v2\/wpfc_sermon"}],"about":[{"href":"https:\/\/radvanice.casd.cz\/index.php?rest_route=\/wp\/v2\/types\/wpfc_sermon"}],"author":[{"embeddable":true,"href":"https:\/\/radvanice.casd.cz\/index.php?rest_route=\/wp\/v2\/users\/2"}],"replies":[{"embeddable":true,"href":"https:\/\/radvanice.casd.cz\/index.php?rest_route=%2Fwp%2Fv2%2Fcomments&post=2997"}],"version-history":[{"count":1,"href":"https:\/\/radvanice.casd.cz\/index.php?rest_route=\/wp\/v2\/wpfc_sermon\/2997\/revisions"}],"predecessor-version":[{"id":34482,"href":"https:\/\/radvanice.casd.cz\/index.php?rest_route=\/wp\/v2\/wpfc_sermon\/2997\/revisions\/34482"}],"wp:attachment":[{"href":"https:\/\/radvanice.casd.cz\/index.php?rest_route=%2Fwp%2Fv2%2Fmedia&parent=2997"}],"wp:term":[{"taxonomy":"wpfc_preacher","embeddable":true,"href":"https:\/\/radvanice.casd.cz\/index.php?rest_route=%2Fwp%2Fv2%2Fwpfc_preacher&post=2997"},{"taxonomy":"wpfc_sermon_series","embeddable":true,"href":"https:\/\/radvanice.casd.cz\/index.php?rest_route=%2Fwp%2Fv2%2Fwpfc_sermon_series&post=2997"},{"taxonomy":"wpfc_sermon_topics","embeddable":true,"href":"https:\/\/radvanice.casd.cz\/index.php?rest_route=%2Fwp%2Fv2%2Fwpfc_sermon_topics&post=2997"},{"taxonomy":"wpfc_bible_book","embeddable":true,"href":"https:\/\/radvanice.casd.cz\/index.php?rest_route=%2Fwp%2Fv2%2Fwpfc_bible_book&post=2997"},{"taxonomy":"wpfc_service_type","embeddable":true,"href":"https:\/\/radvanice.casd.cz\/index.php?rest_route=%2Fwp%2Fv2%2Fwpfc_service_type&post=2997"}],"curies":[{"name":"wp","href":"https:\/\/api.w.org\/{rel}","templated":true}]}}

Přednáška modlitebního týdne ze 14. listopadu 2015 &#8211; shrnutí Jaroslav Stejskal

<p>Preacher: Jaroslav Stejskal | Přednáška modlitebního týdne ze 14. listopadu 2015 &#8211; shrnutí Jaroslav Stejskal. Sbor Ostrava-Radvanice.<br />
Shrnutí přednášky začíná kolem 13-té minuty.</p>

<p>Preacher: Jaroslav Stejskal | Přednáška modlitebního týdne ze 14. listopadu 2015 &#8211; shrnutí Jaroslav Stejskal. Sbor Ostrava-Radvanice. Shrnutí přednášky začíná kolem 13-té minuty.</p>
