{"id":2805,"date":"2015-08-18T09:44:39","date_gmt":"2015-08-18T07:44:39","guid":{"rendered":"http:\/\/radvanice.casd.cz\/?page_id=2805"},"modified":"2024-01-02T10:54:18","modified_gmt":"2024-01-02T09:54:18","slug":"prednasky-obraz-bozej-lasky-emilio-knechtle","status":"publish","type":"page","link":"https:\/\/radvanice.casd.cz\/?page_id=2805","title":{"rendered":"P\u0159edn\u00e1\u0161ky &#8222;Obraz Bo\u017eej l\u00e1sky&#8220; (Em\u00edlio Knechtle)"},"content":{"rendered":"<p><a href=\"https:\/\/radvanice.casd.cz\/wp-content\/uploads\/SN_Obraz-Bozej-lasky_9229.png\"><img loading=\"lazy\" decoding=\"async\" src=\"https:\/\/radvanice.casd.cz\/wp-content\/uploads\/SN_Obraz-Bozej-lasky_9229-150x150.png\" alt=\"\" width=\"150\" height=\"150\" class=\"alignleft size-thumbnail wp-image-38996\" srcset=\"https:\/\/radvanice.casd.cz\/wp-content\/uploads\/SN_Obraz-Bozej-lasky_9229-150x150.png 150w, https:\/\/radvanice.casd.cz\/wp-content\/uploads\/SN_Obraz-Bozej-lasky_9229-75x75.png 75w\" sizes=\"auto, (max-width: 150px) 100vw, 150px\" \/><\/a>Jak pro\u017e\u00edvat sv\u00e9 k\u0159es\u0165anstv\u00ed na po\u010d\u00e1tku t\u0159et\u00edho tis\u00edcilet\u00ed? M\u016f\u017eu je\u0161t\u011b Bohu d\u016fv\u011b\u0159ovat? M\u00e1m n\u011bjakou jistotu?<\/p>\n<p>Zde si m\u016f\u017eete poslechnout praktick\u00e9 p\u0159edn\u00e1\u0161ky a n\u011bkter\u00e1 k\u00e1z\u00e1n\u00ed evangelisty Em\u00edlia Knechtleho, kter\u00fd p\u0159e\u017eil sv\u00e9 vrcholy a p\u00e1dy a mohou pomoci i tob\u011b b\u00fdt radostn\u00fdm k\u0159es\u0165anem i v utrpen\u00ed.<\/p>\n<p><em>Interpretuje Vladim\u00edr Koh\u00fat.<\/em><\/p>\n<p><strong>P\u0159edn\u00e1\u0161ky &#8222;Obraz Bo\u017eej l\u00e1sky&#8220;:<\/strong><\/p>\n<ul>\n<li><b>1 &#8211; Obraz Bo\u017eej l\u00e1sky<\/b><\/li>\n<div class=\"wpfc-sermon-single-audio player-plyr\">\n<audio controls preload=\"metadata\" class=\"wpfc-sermon-player \" ><source src=\"https:\/\/radvanice.casd.cz\/wp-content\/uploads\/audio\/Emilio-Knechtle_01_Obraz-Bozej-lasky.mp3\" type=\"audio\/mp3\"><\/audio>\t\t\t\t\t\t<a class=\"wpfc-sermon-single-audio-download\"\n href=\"https:\/\/radvanice.casd.cz\/wp-content\/uploads\/audio\/Emilio-Knechtle_01_Obraz-Bozej-lasky.mp3\"\n download=\"Emilio-Knechtle_01_Obraz-Bozej-lasky.mp3\"\n rel = \"nofollow\" title=\"St\u00e1hnout audio soubor\"><br \/>\n<svg fill=\"#000000\" height=\"24\" viewBox=\"0 0 24 24\" width=\"24\"\n xmlns=\"http:\/\/www.w3.org\/2000\/svg\">\n <path d=\"M0 0h24v24H0z\" fill=\"none\"><\/path>\n <path d=\"M19.35 10.04C18.67 6.59 15.64 4 12 4 9.11 4 6.6 5.64 5.35 8.04 2.34 8.36 0 10.91 0 14c0 3.31 2.69 6 6 6h13c2.76 0 5-2.24 5-5 0-2.64-2.05-4.78-4.65-4.96zM17 13l-5 5-5-5h3V9h4v4h3z\"><\/path>\n<\/svg><br \/>\n<\/a>\n<\/div>\n<li><b>2 &#8211; Z Edenu do Edenu<\/b><\/li>\n<div class=\"wpfc-sermon-single-audio player-plyr\">\n<audio controls preload=\"metadata\" class=\"wpfc-sermon-player \" ><source src=\"https:\/\/radvanice.casd.cz\/wp-content\/uploads\/audio\/Emilio-Knechtle_02_Z-Edenu-do-Edenu.mp3\" type=\"audio\/mp3\"><\/audio>\t\t\t\t\t\t<a class=\"wpfc-sermon-single-audio-download\"\n href=\"https:\/\/radvanice.casd.cz\/wp-content\/uploads\/audio\/Emilio-Knechtle_02_Z-Edenu-do-Edenu.mp3\"\n download=\"Emilio-Knechtle_02_Z-Edenu-do-Edenu.mp3\"\n rel = \"nofollow\" title=\"St\u00e1hnout audio soubor\"><br \/>\n<svg fill=\"#000000\" height=\"24\" viewBox=\"0 0 24 24\" width=\"24\"\n xmlns=\"http:\/\/www.w3.org\/2000\/svg\">\n <path d=\"M0 0h24v24H0z\" fill=\"none\"><\/path>\n <path d=\"M19.35 10.04C18.67 6.59 15.64 4 12 4 9.11 4 6.6 5.64 5.35 8.04 2.34 8.36 0 10.91 0 14c0 3.31 2.69 6 6 6h13c2.76 0 5-2.24 5-5 0-2.64-2.05-4.78-4.65-4.96zM17 13l-5 5-5-5h3V9h4v4h3z\"><\/path>\n<\/svg><br \/>\n<\/a>\n<\/div>\n<li><b>3 &#8211; Milova\u0165 znamen\u00e1 trpie\u0165<\/b><\/li>\n<div class=\"wpfc-sermon-single-audio player-plyr\">\n<audio controls preload=\"metadata\" class=\"wpfc-sermon-player \" ><source src=\"https:\/\/radvanice.casd.cz\/wp-content\/uploads\/audio\/Emilio-Knechtle_03_Milovat-znamena-trpiet.mp3\" type=\"audio\/mp3\"><\/audio>\t\t\t\t\t\t<a class=\"wpfc-sermon-single-audio-download\"\n href=\"https:\/\/radvanice.casd.cz\/wp-content\/uploads\/audio\/Emilio-Knechtle_03_Milovat-znamena-trpiet.mp3\"\n download=\"Emilio-Knechtle_03_Milovat-znamena-trpiet.mp3\"\n rel = \"nofollow\" title=\"St\u00e1hnout audio soubor\"><br \/>\n<svg fill=\"#000000\" height=\"24\" viewBox=\"0 0 24 24\" width=\"24\"\n xmlns=\"http:\/\/www.w3.org\/2000\/svg\">\n <path d=\"M0 0h24v24H0z\" fill=\"none\"><\/path>\n <path d=\"M19.35 10.04C18.67 6.59 15.64 4 12 4 9.11 4 6.6 5.64 5.35 8.04 2.34 8.36 0 10.91 0 14c0 3.31 2.69 6 6 6h13c2.76 0 5-2.24 5-5 0-2.64-2.05-4.78-4.65-4.96zM17 13l-5 5-5-5h3V9h4v4h3z\"><\/path>\n<\/svg><br \/>\n<\/a>\n<\/div>\n<li><b>4 &#8211; Fak\u013ea a tr\u00faba<\/b><\/li>\n<div class=\"wpfc-sermon-single-audio player-plyr\">\n<audio controls preload=\"metadata\" class=\"wpfc-sermon-player \" ><source src=\"https:\/\/radvanice.casd.cz\/wp-content\/uploads\/audio\/Emilio-Knechtle_04_Fakla-a-truba.mp3\" type=\"audio\/mp3\"><\/audio>\t\t\t\t\t\t<a class=\"wpfc-sermon-single-audio-download\"\n href=\"https:\/\/radvanice.casd.cz\/wp-content\/uploads\/audio\/Emilio-Knechtle_04_Fakla-a-truba.mp3\"\n download=\"Emilio-Knechtle_04_Fakla-a-trubau.mp3\"\n rel = \"nofollow\" title=\"St\u00e1hnout audio soubor\"><br \/>\n<svg fill=\"#000000\" height=\"24\" viewBox=\"0 0 24 24\" width=\"24\"\n xmlns=\"http:\/\/www.w3.org\/2000\/svg\">\n <path d=\"M0 0h24v24H0z\" fill=\"none\"><\/path>\n <path d=\"M19.35 10.04C18.67 6.59 15.64 4 12 4 9.11 4 6.6 5.64 5.35 8.04 2.34 8.36 0 10.91 0 14c0 3.31 2.69 6 6 6h13c2.76 0 5-2.24 5-5 0-2.64-2.05-4.78-4.65-4.96zM17 13l-5 5-5-5h3V9h4v4h3z\"><\/path>\n<\/svg><br \/>\n<\/a>\n<\/div>\n<li><b>5 &#8211; Inv\u00e1zia Bo\u017eej l\u00e1sky<\/b><\/li>\n<div class=\"wpfc-sermon-single-audio player-plyr\">\n<audio controls preload=\"metadata\" class=\"wpfc-sermon-player \" ><source src=\"https:\/\/radvanice.casd.cz\/wp-content\/uploads\/audio\/Emilio-Knechtle_05_Invazia-Bozej-lasky.mp3\" type=\"audio\/mp3\"><\/audio>\t\t\t\t\t\t<a class=\"wpfc-sermon-single-audio-download\"\n href=\"https:\/\/radvanice.casd.cz\/wp-content\/uploads\/audio\/Emilio-Knechtle_05_Invazia-Bozej-lasky.mp3\"\n download=\"Emilio-Knechtle_05_Invazia-Bozej-lasky.mp3\"\n rel = \"nofollow\" title=\"St\u00e1hnout audio soubor\"><br \/>\n<svg fill=\"#000000\" height=\"24\" viewBox=\"0 0 24 24\" width=\"24\"\n xmlns=\"http:\/\/www.w3.org\/2000\/svg\">\n <path d=\"M0 0h24v24H0z\" fill=\"none\"><\/path>\n <path d=\"M19.35 10.04C18.67 6.59 15.64 4 12 4 9.11 4 6.6 5.64 5.35 8.04 2.34 8.36 0 10.91 0 14c0 3.31 2.69 6 6 6h13c2.76 0 5-2.24 5-5 0-2.64-2.05-4.78-4.65-4.96zM17 13l-5 5-5-5h3V9h4v4h3z\"><\/path>\n<\/svg><br \/>\n<\/a>\n<\/div>\n<\/ul>\n<p><strong>K\u00e1z\u00e1n\u00ed Em\u00edlio Knechtleho:<\/strong><\/p>\n<ul>\n<li><b>M\u00f4\u017eeme Bohu d\u00f4verova\u0165<\/b><\/li>\n<div class=\"wpfc-sermon-single-audio player-plyr\">\n<audio controls preload=\"metadata\" class=\"wpfc-sermon-player \" ><source src=\"https:\/\/radvanice.casd.cz\/wp-content\/uploads\/audio\/Emilio-Knechtle_06_Mozeme-Bohu-doverovat.mp3\" type=\"audio\/mp3\"><\/audio>\t\t\t\t\t\t<a class=\"wpfc-sermon-single-audio-download\"\n href=\"https:\/\/radvanice.casd.cz\/wp-content\/uploads\/audio\/Emilio-Knechtle_06_Mozeme-Bohu-doverovat.mp3\"\n download=\"Emilio-Knechtle_06_Mozeme-Bohu-doverovat.mp3\"\n rel = \"nofollow\" title=\"St\u00e1hnout audio soubor\"><br \/>\n<svg fill=\"#000000\" height=\"24\" viewBox=\"0 0 24 24\" width=\"24\"\n xmlns=\"http:\/\/www.w3.org\/2000\/svg\">\n <path d=\"M0 0h24v24H0z\" fill=\"none\"><\/path>\n <path d=\"M19.35 10.04C18.67 6.59 15.64 4 12 4 9.11 4 6.6 5.64 5.35 8.04 2.34 8.36 0 10.91 0 14c0 3.31 2.69 6 6 6h13c2.76 0 5-2.24 5-5 0-2.64-2.05-4.78-4.65-4.96zM17 13l-5 5-5-5h3V9h4v4h3z\"><\/path>\n<\/svg><br \/>\n<\/a>\n<\/div>\n<li><b>Spravodlivos\u0165 pripo\u010d\u00edtan\u00e1 a udelen\u00e1<\/b><\/li>\n<div class=\"wpfc-sermon-single-audio player-plyr\">\n<audio controls preload=\"metadata\" class=\"wpfc-sermon-player \" ><source src=\"https:\/\/radvanice.casd.cz\/wp-content\/uploads\/audio\/Emilio-Knechtle_07_Spravodlivost-pripocitana-a-udelena.mp3\" type=\"audio\/mp3\"><\/audio>\t\t\t\t\t\t<a class=\"wpfc-sermon-single-audio-download\"\n href=\"https:\/\/radvanice.casd.cz\/wp-content\/uploads\/audio\/Emilio-Knechtle_07_Spravodlivost-pripocitana-a-udelena.mp3\"\n download=\"Emilio-Knechtle_07_Spravodlivost-pripocitana-a-udelena.mp3\"\n rel = \"nofollow\" title=\"St\u00e1hnout audio soubor\"><br \/>\n<svg fill=\"#000000\" height=\"24\" viewBox=\"0 0 24 24\" width=\"24\"\n xmlns=\"http:\/\/www.w3.org\/2000\/svg\">\n <path d=\"M0 0h24v24H0z\" fill=\"none\"><\/path>\n <path d=\"M19.35 10.04C18.67 6.59 15.64 4 12 4 9.11 4 6.6 5.64 5.35 8.04 2.34 8.36 0 10.91 0 14c0 3.31 2.69 6 6 6h13c2.76 0 5-2.24 5-5 0-2.64-2.05-4.78-4.65-4.96zM17 13l-5 5-5-5h3V9h4v4h3z\"><\/path>\n<\/svg><br \/>\n<\/a>\n<\/div>\n<li><b>Cie\u013e Bo\u017eieho stvorenia<\/b><\/li>\n<div class=\"wpfc-sermon-single-audio player-plyr\">\n<audio controls preload=\"metadata\" class=\"wpfc-sermon-player \" ><source src=\"https:\/\/radvanice.casd.cz\/wp-content\/uploads\/audio\/Emilio-Knechtle_08_Ciel-Bozieho-stvorenia.mp3\" type=\"audio\/mp3\"><\/audio>\t\t\t\t\t\t<a class=\"wpfc-sermon-single-audio-download\"\n href=\"https:\/\/radvanice.casd.cz\/wp-content\/uploads\/audio\/Emilio-Knechtle_08_Ciel-Bozieho-stvorenia.mp3\"\n download=\"Emilio-Knechtle_08_Ciel-Bozieho-stvorenia.mp3\"\n rel = \"nofollow\" title=\"St\u00e1hnout audio soubor\"><br \/>\n<svg fill=\"#000000\" height=\"24\" viewBox=\"0 0 24 24\" width=\"24\"\n xmlns=\"http:\/\/www.w3.org\/2000\/svg\">\n <path d=\"M0 0h24v24H0z\" fill=\"none\"><\/path>\n <path d=\"M19.35 10.04C18.67 6.59 15.64 4 12 4 9.11 4 6.6 5.64 5.35 8.04 2.34 8.36 0 10.91 0 14c0 3.31 2.69 6 6 6h13c2.76 0 5-2.24 5-5 0-2.64-2.05-4.78-4.65-4.96zM17 13l-5 5-5-5h3V9h4v4h3z\"><\/path>\n<\/svg><br \/>\n<\/a>\n<\/div>\n<li><b>Istota spasenia<\/b><\/li>\n<div class=\"wpfc-sermon-single-audio player-plyr\">\n<audio controls preload=\"metadata\" class=\"wpfc-sermon-player \" ><source src=\"https:\/\/radvanice.casd.cz\/wp-content\/uploads\/audio\/Emilio-Knechtle_09_Istota-spasenia.mp3\" type=\"audio\/mp3\"><\/audio>\t\t\t\t\t\t<a class=\"wpfc-sermon-single-audio-download\"\n href=\"https:\/\/radvanice.casd.cz\/wp-content\/uploads\/audio\/Emilio-Knechtle_09_Istota-spasenia.mp3\"\n download=\"Emilio-Knechtle_09_Istota-spasenia.mp3\"\n rel = \"nofollow\" title=\"St\u00e1hnout audio soubor\"><br \/>\n<svg fill=\"#000000\" height=\"24\" viewBox=\"0 0 24 24\" width=\"24\"\n xmlns=\"http:\/\/www.w3.org\/2000\/svg\">\n <path d=\"M0 0h24v24H0z\" fill=\"none\"><\/path>\n <path d=\"M19.35 10.04C18.67 6.59 15.64 4 12 4 9.11 4 6.6 5.64 5.35 8.04 2.34 8.36 0 10.91 0 14c0 3.31 2.69 6 6 6h13c2.76 0 5-2.24 5-5 0-2.64-2.05-4.78-4.65-4.96zM17 13l-5 5-5-5h3V9h4v4h3z\"><\/path>\n<\/svg><br \/>\n<\/a>\n<\/div>\n<li><b>Dva poklady<\/b><\/li>\n<div class=\"wpfc-sermon-single-audio player-plyr\">\n<audio controls preload=\"metadata\" class=\"wpfc-sermon-player \" ><source src=\"https:\/\/radvanice.casd.cz\/wp-content\/uploads\/audio\/Emilio-Knechtle_10_Dva-poklady.mp3\" type=\"audio\/mp3\"><\/audio>\t\t\t\t\t\t<a class=\"wpfc-sermon-single-audio-download\"\n href=\"https:\/\/radvanice.casd.cz\/wp-content\/uploads\/audio\/Emilio-Knechtle_10_Dva-poklady.mp3\"\n download=\"Emilio-Knechtle_10_Dva-poklady.mp3\"\n rel = \"nofollow\" title=\"St\u00e1hnout audio soubor\"><br \/>\n<svg fill=\"#000000\" height=\"24\" viewBox=\"0 0 24 24\" width=\"24\"\n xmlns=\"http:\/\/www.w3.org\/2000\/svg\">\n <path d=\"M0 0h24v24H0z\" fill=\"none\"><\/path>\n <path d=\"M19.35 10.04C18.67 6.59 15.64 4 12 4 9.11 4 6.6 5.64 5.35 8.04 2.34 8.36 0 10.91 0 14c0 3.31 2.69 6 6 6h13c2.76 0 5-2.24 5-5 0-2.64-2.05-4.78-4.65-4.96zM17 13l-5 5-5-5h3V9h4v4h3z\"><\/path>\n<\/svg><br \/>\n<\/a>\n<\/div>\n<li><b>Tri kri\u017ee<\/b><\/li>\n<div class=\"wpfc-sermon-single-audio player-plyr\">\n<audio controls preload=\"metadata\" class=\"wpfc-sermon-player \" ><source src=\"https:\/\/radvanice.casd.cz\/wp-content\/uploads\/audio\/Emilio-Knechtle_11_Tri-krize.mp3\" type=\"audio\/mp3\"><\/audio>\t\t\t\t\t\t<a class=\"wpfc-sermon-single-audio-download\"\n href=\"https:\/\/radvanice.casd.cz\/wp-content\/uploads\/audio\/Emilio-Knechtle_11_Tri-krize.mp3\"\n download=\"Emilio-Knechtle_11_Tri-krize.mp3\"\n rel = \"nofollow\" title=\"St\u00e1hnout audio soubor\"><br \/>\n<svg fill=\"#000000\" height=\"24\" viewBox=\"0 0 24 24\" width=\"24\"\n xmlns=\"http:\/\/www.w3.org\/2000\/svg\">\n <path d=\"M0 0h24v24H0z\" fill=\"none\"><\/path>\n <path d=\"M19.35 10.04C18.67 6.59 15.64 4 12 4 9.11 4 6.6 5.64 5.35 8.04 2.34 8.36 0 10.91 0 14c0 3.31 2.69 6 6 6h13c2.76 0 5-2.24 5-5 0-2.64-2.05-4.78-4.65-4.96zM17 13l-5 5-5-5h3V9h4v4h3z\"><\/path>\n<\/svg><br \/>\n<\/a>\n<\/div>\n<li><b>Pohanenie kri\u017ea<\/b><\/li>\n<div class=\"wpfc-sermon-single-audio player-plyr\">\n<audio controls preload=\"metadata\" class=\"wpfc-sermon-player \" ><source src=\"https:\/\/radvanice.casd.cz\/wp-content\/uploads\/audio\/Emilio-Knechtle_12_Pohanenie-kriza.mp3\" type=\"audio\/mp3\"><\/audio>\t\t\t\t\t\t<a class=\"wpfc-sermon-single-audio-download\"\n href=\"https:\/\/radvanice.casd.cz\/wp-content\/uploads\/audio\/Emilio-Knechtle_12_Pohanenie-kriza.mp3\"\n download=\"Emilio-Knechtle_12_Pohanenie-kriza.mp3\"\n rel = \"nofollow\" title=\"St\u00e1hnout audio soubor\"><br \/>\n<svg fill=\"#000000\" height=\"24\" viewBox=\"0 0 24 24\" width=\"24\"\n xmlns=\"http:\/\/www.w3.org\/2000\/svg\">\n <path d=\"M0 0h24v24H0z\" fill=\"none\"><\/path>\n <path d=\"M19.35 10.04C18.67 6.59 15.64 4 12 4 9.11 4 6.6 5.64 5.35 8.04 2.34 8.36 0 10.91 0 14c0 3.31 2.69 6 6 6h13c2.76 0 5-2.24 5-5 0-2.64-2.05-4.78-4.65-4.96zM17 13l-5 5-5-5h3V9h4v4h3z\"><\/path>\n<\/svg><br \/>\n<\/a>\n<\/div>\n<li><b>Dva Bo\u017eie dary z raja<\/b><\/li>\n<div class=\"wpfc-sermon-single-audio player-plyr\">\n<audio controls preload=\"metadata\" class=\"wpfc-sermon-player \" ><source src=\"https:\/\/radvanice.casd.cz\/wp-content\/uploads\/audio\/Emilio-Knechtle_13_Dva-Bozie-dary-z-raja.mp3\" type=\"audio\/mp3\"><\/audio>\t\t\t\t\t\t<a class=\"wpfc-sermon-single-audio-download\"\n href=\"https:\/\/radvanice.casd.cz\/wp-content\/uploads\/audio\/Emilio-Knechtle_13_Dva-Bozie-dary-z-raja.mp3\"\n download=\"Emilio-Knechtle_13_Dva-Bozie-dary-z-raja.mp3\"\n rel = \"nofollow\" title=\"St\u00e1hnout audio soubor\"><br \/>\n<svg fill=\"#000000\" height=\"24\" viewBox=\"0 0 24 24\" width=\"24\"\n xmlns=\"http:\/\/www.w3.org\/2000\/svg\">\n <path d=\"M0 0h24v24H0z\" fill=\"none\"><\/path>\n <path d=\"M19.35 10.04C18.67 6.59 15.64 4 12 4 9.11 4 6.6 5.64 5.35 8.04 2.34 8.36 0 10.91 0 14c0 3.31 2.69 6 6 6h13c2.76 0 5-2.24 5-5 0-2.64-2.05-4.78-4.65-4.96zM17 13l-5 5-5-5h3V9h4v4h3z\"><\/path>\n<\/svg><br \/>\n<\/a>\n<\/div>\n<li><b>Ultim\u00e1tum Laodicei<\/b><\/li>\n<div class=\"wpfc-sermon-single-audio player-plyr\">\n<audio controls preload=\"metadata\" class=\"wpfc-sermon-player \" ><source src=\"https:\/\/radvanice.casd.cz\/wp-content\/uploads\/audio\/Emilio-Knechtle_14_Ultimatum-Laodicei.mp3\" type=\"audio\/mp3\"><\/audio>\t\t\t\t\t\t<a class=\"wpfc-sermon-single-audio-download\"\n href=\"https:\/\/radvanice.casd.cz\/wp-content\/uploads\/audio\/Emilio-Knechtle_14_Ultimatum-Laodicei.mp3\"\n download=\"Emilio-Knechtle_14_Ultimatum-Laodicei.mp3\"\n rel = \"nofollow\" title=\"St\u00e1hnout audio soubor\"><br \/>\n<svg fill=\"#000000\" height=\"24\" viewBox=\"0 0 24 24\" width=\"24\"\n xmlns=\"http:\/\/www.w3.org\/2000\/svg\">\n <path d=\"M0 0h24v24H0z\" fill=\"none\"><\/path>\n <path d=\"M19.35 10.04C18.67 6.59 15.64 4 12 4 9.11 4 6.6 5.64 5.35 8.04 2.34 8.36 0 10.91 0 14c0 3.31 2.69 6 6 6h13c2.76 0 5-2.24 5-5 0-2.64-2.05-4.78-4.65-4.96zM17 13l-5 5-5-5h3V9h4v4h3z\"><\/path>\n<\/svg><br \/>\n<\/a>\n<\/div>\n<li><b>Kto je ten \u0161tvrt\u00fd mu\u017e<\/b><\/li>\n<div class=\"wpfc-sermon-single-audio player-plyr\">\n<audio controls preload=\"metadata\" class=\"wpfc-sermon-player \" ><source src=\"https:\/\/radvanice.casd.cz\/wp-content\/uploads\/audio\/Emilio-Knechtle_15_Kto-je-ten-stvrty-muz.mp3\" type=\"audio\/mp3\"><\/audio>\t\t\t\t\t\t<a class=\"wpfc-sermon-single-audio-download\"\n href=\"https:\/\/radvanice.casd.cz\/wp-content\/uploads\/audio\/Emilio-Knechtle_15_Kto-je-ten-stvrty-muz.mp3\"\n download=\"Emilio-Knechtle_15_Kto-je-ten-stvrty-muz.mp3\"\n rel = \"nofollow\" title=\"St\u00e1hnout audio soubor\"><br \/>\n<svg fill=\"#000000\" height=\"24\" viewBox=\"0 0 24 24\" width=\"24\"\n xmlns=\"http:\/\/www.w3.org\/2000\/svg\">\n <path d=\"M0 0h24v24H0z\" fill=\"none\"><\/path>\n <path d=\"M19.35 10.04C18.67 6.59 15.64 4 12 4 9.11 4 6.6 5.64 5.35 8.04 2.34 8.36 0 10.91 0 14c0 3.31 2.69 6 6 6h13c2.76 0 5-2.24 5-5 0-2.64-2.05-4.78-4.65-4.96zM17 13l-5 5-5-5h3V9h4v4h3z\"><\/path>\n<\/svg><br \/>\n<\/a>\n<\/div>\n<\/ul>\n<p>Tyto p\u0159edn\u00e1\u0161ky a n\u011bkter\u00e1 k\u00e1z\u00e1n\u00ed Em\u00edlia Knechtleho si m\u016f\u017eete poslechnout a st\u00e1hnout tak\u00e9 <a href=\"http:\/\/www.studionadej.sk\/obraz-bozej-lasky\/\">na webov\u00fdch str\u00e1nk\u00e1ch \u0160tudia N\u00e1dej<\/a> nebo tak\u00e9 na <a href=\"https:\/\/youtube.com\/playlist?list=PL28xawJZYXY00iEFdPaX4NpuKI_D_S6fv\">YouTube \u0160tudia N\u00e1dej<\/a>.<\/p>\n<p><!--\n<strong>P\u0159edn\u00e1\u0161ky \"Obraz Bo\u017eej l\u00e1sky\":<\/strong>\n\n\n<ul>\n\n\n<li><b>1 - Obraz Bo\u017eej l\u00e1sky<\/b><\/li>\n\n\n[audio src=\"\/wp-content\/uploads\/audio\/Emilio-Knechtle_01_Obraz-Bozej-lasky.mp3\"]\n \n\n<li><b>2 - Z Edenu do Edenu<\/b><\/li>\n\n\n[audio src=\"\/wp-content\/uploads\/audio\/Emilio-Knechtle_02_Z-Edenu-do-Edenu.mp3\"]\n \n\n<li><b>3 - Milova\u0165 znamen\u00e1 trpie\u0165<\/b><\/li>\n\n\n[audio src=\"\/wp-content\/uploads\/audio\/Emilio-Knechtle_03_Milovat-znamena-trpiet.mp3\"]\n \n\n<li><b>4 - Fak\u013ea a tr\u00faba<\/b><\/li>\n\n\n[audio src=\"\/wp-content\/uploads\/audio\/Emilio-Knechtle_04_Fakla-a-truba.mp3\"]\n \n\n<li><b>5 - Inv\u00e1zia Bo\u017eej l\u00e1sky<\/b><\/li>\n\n\n[audio src=\"\/wp-content\/uploads\/audio\/Emilio-Knechtle_05_Invazia-Bozej-lasky.mp3\"]\n <\/ul>\n\n\n\n<strong>K\u00e1z\u00e1n\u00ed Em\u00edlio Knechtleho:<\/strong>\n\n\n<ul>\n\n\n<li><b>M\u00f4\u017eeme Bohu d\u00f4verova\u0165<\/b><\/li>\n\n\n[audio src=\"\/wp-content\/uploads\/audio\/Emilio-Knechtle_06_Mozeme-Bohu-doverovat.mp3\"]\n \n\n<li><b>Spravodlivos\u0165 pripo\u010d\u00edtan\u00e1 a udelen\u00e1<\/b><\/li>\n\n\n[audio src=\"\/wp-content\/uploads\/audio\/Emilio-Knechtle_07_Spravodlivost-pripocitana-a-udelena.mp3\"]\n \n\n<li><b>Cie\u013e Bo\u017eieho stvorenia<\/b><\/li>\n\n\n[audio src=\"\/wp-content\/uploads\/audio\/Emilio-Knechtle_08_Ciel-Bozieho-stvorenia.mp3\"]\n \n\n<li><b>Istota spasenia<\/b><\/li>\n\n\n[audio src=\"\/wp-content\/uploads\/audio\/Emilio-Knechtle_09_Istota-spasenia.mp3\"]\n \n\n<li><b>Dva poklady<\/b><\/li>\n\n\n[audio src=\"\/wp-content\/uploads\/audio\/Emilio-Knechtle_10_Dva-poklady.mp3\"]\n \n\n<li><b>Tri kri\u017ee<\/b><\/li>\n\n\n[audio src=\"\/wp-content\/uploads\/audio\/Emilio-Knechtle_11_Tri-krize.mp3\"]\n \n\n<li><b>Pohanenie kri\u017ea<\/b><\/li>\n\n\n[audio src=\"\/wp-content\/uploads\/audio\/Emilio-Knechtle_12_Pohanenie-kriza.mp3\"]\n \n\n<li><b>Dva Bo\u017eie dary z raja<\/b><\/li>\n\n\n[audio src=\"\/wp-content\/uploads\/audio\/Emilio-Knechtle_13_Dva-Bozie-dary-z-raja.mp3\"]\n \n\n<li><b>Ultim\u00e1tum Laodicei<\/b><\/li>\n\n\n[audio src=\"\/wp-content\/uploads\/audio\/Emilio-Knechtle_14_Ultimatum-Laodicei.mp3\"]\n \n\n<li><b>Kto je ten \u0161tvrt\u00fd mu\u017e<\/b><\/li>\n\n\n[audio src=\"\/wp-content\/uploads\/audio\/Emilio-Knechtle_15_Kto-je-ten-stvrty-muz.mp3\"]\n <\/ul>\n\n\n--><\/p>\n","protected":false},"excerpt":{"rendered":"<p>Jak pro\u017e\u00edvat sv\u00e9 k\u0159es\u0165anstv\u00ed na po\u010d\u00e1tku t\u0159et\u00edho tis\u00edcilet\u00ed? M\u016f\u017eu je\u0161t\u011b Bohu d\u016fv\u011b\u0159ovat? M\u00e1m n\u011bjakou jistotu? Zde si m\u016f\u017eete poslechnout praktick\u00e9 p\u0159edn\u00e1\u0161ky a n\u011bkter\u00e1 k\u00e1z\u00e1n\u00ed evangelisty Em\u00edlia Knechtleho, kter\u00fd p\u0159e\u017eil sv\u00e9 vrcholy a p\u00e1dy a mohou pomoci i tob\u011b b\u00fdt radostn\u00fdm k\u0159es\u0165anem i v utrpen\u00ed. Interpretuje Vladim\u00edr Koh\u00fat. P\u0159edn\u00e1\u0161ky &#8222;Obraz Bo\u017eej l\u00e1sky&#8220;: 1 &#8211; Obraz Bo\u017eej &hellip; <a href=\"https:\/\/radvanice.casd.cz\/?page_id=2805\" class=\"more-link\">Pokra\u010dov\u00e1n\u00ed textu <span class=\"screen-reader-text\">P\u0159edn\u00e1\u0161ky &#8222;Obraz Bo\u017eej l\u00e1sky&#8220; (Em\u00edlio Knechtle)<\/span><\/a><\/p>\n","protected":false},"author":2,"featured_media":0,"parent":0,"menu_order":0,"comment_status":"closed","ping_status":"open","template":"","meta":{"_monsterinsights_skip_tracking":false,"_monsterinsights_sitenote_active":false,"_monsterinsights_sitenote_note":"","_monsterinsights_sitenote_category":0,"ngg_post_thumbnail":0,"footnotes":""},"class_list":["post-2805","page","type-page","status-publish","hentry"],"_links":{"self":[{"href":"https:\/\/radvanice.casd.cz\/index.php?rest_route=\/wp\/v2\/pages\/2805","targetHints":{"allow":["GET"]}}],"collection":[{"href":"https:\/\/radvanice.casd.cz\/index.php?rest_route=\/wp\/v2\/pages"}],"about":[{"href":"https:\/\/radvanice.casd.cz\/index.php?rest_route=\/wp\/v2\/types\/page"}],"author":[{"embeddable":true,"href":"https:\/\/radvanice.casd.cz\/index.php?rest_route=\/wp\/v2\/users\/2"}],"replies":[{"embeddable":true,"href":"https:\/\/radvanice.casd.cz\/index.php?rest_route=%2Fwp%2Fv2%2Fcomments&post=2805"}],"version-history":[{"count":6,"href":"https:\/\/radvanice.casd.cz\/index.php?rest_route=\/wp\/v2\/pages\/2805\/revisions"}],"predecessor-version":[{"id":39039,"href":"https:\/\/radvanice.casd.cz\/index.php?rest_route=\/wp\/v2\/pages\/2805\/revisions\/39039"}],"wp:attachment":[{"href":"https:\/\/radvanice.casd.cz\/index.php?rest_route=%2Fwp%2Fv2%2Fmedia&parent=2805"}],"curies":[{"name":"wp","href":"https:\/\/api.w.org\/{rel}","templated":true}]}}